{"id":1588,"date":"2023-10-10T13:49:49","date_gmt":"2023-10-10T17:49:49","guid":{"rendered":"https:\/\/dubreuilville.ca\/?page_id=1588"},"modified":"2026-02-23T15:07:50","modified_gmt":"2026-02-23T20:07:50","slug":"collecte-des-ordures-et-recyclage","status":"publish","type":"page","link":"https:\/\/dubreuilville.ca\/fr\/notre-communite\/collecte-des-ordures-et-recyclage\/","title":{"rendered":"Collecte des ordures et recyclage"},"content":{"rendered":"\t\t<div data-elementor-type=\"wp-page\" data-elementor-id=\"1588\" class=\"elementor elementor-1588 elementor-69\" data-elementor-post-type=\"page\">\n\t\t\t\t<div class=\"elementor-element elementor-element-ffe4e07 animated-slow e-flex e-con-boxed elementor-invisible e-con e-parent\" data-id=\"ffe4e07\" data-element_type=\"container\" data-e-type=\"container\" data-settings=\"{&quot;animation&quot;:&quot;fadeIn&quot;,&quot;animation_delay&quot;:250}\">\n\t\t\t\t\t<div class=\"e-con-inner\">\n\t\t<div class=\"elementor-element elementor-element-cb055ca e-con-full e-flex e-con e-child\" data-id=\"cb055ca\" data-element_type=\"container\" data-e-type=\"container\">\n\t\t\t\t<div class=\"elementor-element elementor-element-81f5816 elementor-widget elementor-widget-heading\" data-id=\"81f5816\" data-element_type=\"widget\" data-e-type=\"widget\" data-widget_type=\"heading.default\">\n\t\t\t\t\t<h4 class=\"elementor-heading-title elementor-size-default\"><a href=\"https:\/\/dubreuilville.ca\/fr\/notre-communite\/collecte-des-ordures-et-recyclage\/reglement-sur-la-collecte-des-dechets-residentiels\/?open-ea11y-assistant=1&#038;open-ea11y-assistant-src=WP\">R\u00e8glement sur la collecte des d\u00e9chets r\u00e9sidentiels EN<\/a><\/h4>\t\t\t\t<\/div>\n\t\t\t\t<div data-dce-background-color=\"#FFFFFF\" class=\"elementor-element elementor-element-f52d457 elementor-align-left elementor-widget elementor-widget-button\" data-id=\"f52d457\" data-element_type=\"widget\" data-e-type=\"widget\" data-widget_type=\"button.default\">\n\t\t\t\t\t\t\t\t\t\t<a class=\"elementor-button elementor-button-link elementor-size-sm\" href=\"https:\/\/dubreuilville.ca\/fr\/notre-communite\/collecte-des-ordures-et-recyclage\/reglement-sur-la-collecte-des-dechets-residentiels\/?open-ea11y-assistant=1&#038;open-ea11y-assistant-src=WP\">\n\t\t\t\t\t\t<span class=\"elementor-button-content-wrapper\">\n\t\t\t\t\t\t<span class=\"elementor-button-icon\">\n\t\t\t\t<i aria-hidden=\"true\" class=\"fas fa-arrow-right\"><\/i>\t\t\t<\/span>\n\t\t\t\t\t\t\t\t<\/span>\n\t\t\t\t\t<\/a>\n\t\t\t\t\t\t\t\t<\/div>\n\t\t\t\t<\/div>\n\t\t<div class=\"elementor-element elementor-element-9a33afc e-con-full e-flex e-con e-child\" data-id=\"9a33afc\" data-element_type=\"container\" data-e-type=\"container\">\n\t\t\t\t<div class=\"elementor-element elementor-element-fbd746d elementor-widget elementor-widget-heading\" data-id=\"fbd746d\" data-element_type=\"widget\" data-e-type=\"widget\" data-widget_type=\"heading.default\">\n\t\t\t\t\t<h4 class=\"elementor-heading-title elementor-size-default\"><a href=\"https:\/\/dubreuilville.ca\/fr\/notre-communite\/collecte-des-ordures-et-recyclage\/reglement-sur-les-dechets-commerciaux-et-industriels\/?open-ea11y-assistant=1&#038;open-ea11y-assistant-src=WP\">R\u00e8glement sur la collecte des d\u00e9chets commerciaux et industriels EN<\/a><\/h4>\t\t\t\t<\/div>\n\t\t\t\t<div data-dce-background-color=\"#FFFFFF\" class=\"elementor-element elementor-element-c4cbe92 elementor-align-left elementor-widget elementor-widget-button\" data-id=\"c4cbe92\" data-element_type=\"widget\" data-e-type=\"widget\" data-widget_type=\"button.default\">\n\t\t\t\t\t\t\t\t\t\t<a class=\"elementor-button elementor-button-link elementor-size-sm\" href=\"https:\/\/dubreuilville.ca\/fr\/notre-communite\/collecte-des-ordures-et-recyclage\/reglement-sur-les-dechets-commerciaux-et-industriels\/?open-ea11y-assistant=1&#038;open-ea11y-assistant-src=WP\">\n\t\t\t\t\t\t<span class=\"elementor-button-content-wrapper\">\n\t\t\t\t\t\t<span class=\"elementor-button-icon\">\n\t\t\t\t<i aria-hidden=\"true\" class=\"fas fa-arrow-right\"><\/i>\t\t\t<\/span>\n\t\t\t\t\t\t\t\t<\/span>\n\t\t\t\t\t<\/a>\n\t\t\t\t\t\t\t\t<\/div>\n\t\t\t\t<\/div>\n\t\t<div class=\"elementor-element elementor-element-6bd5794 e-con-full e-flex e-con e-child\" data-id=\"6bd5794\" data-element_type=\"container\" data-e-type=\"container\">\n\t\t\t\t<div class=\"elementor-element elementor-element-cfc2836 elementor-widget__width-initial elementor-widget elementor-widget-heading\" data-id=\"cfc2836\" data-element_type=\"widget\" data-e-type=\"widget\" data-widget_type=\"heading.default\">\n\t\t\t\t\t<h4 class=\"elementor-heading-title elementor-size-default\"><a href=\"https:\/\/dubreuilville.ca\/fr\/notre-communite\/collecte-des-ordures-et-recyclage\/programme-de-recyclage\/?open-ea11y-assistant=1&#038;open-ea11y-assistant-src=WP\">Programme de recyclage de Dubreuilville<\/a><\/h4>\t\t\t\t<\/div>\n\t\t\t\t<div data-dce-background-color=\"#FFFFFF\" class=\"elementor-element elementor-element-34031ea elementor-align-left elementor-widget elementor-widget-button\" data-id=\"34031ea\" data-element_type=\"widget\" data-e-type=\"widget\" data-widget_type=\"button.default\">\n\t\t\t\t\t\t\t\t\t\t<a class=\"elementor-button elementor-button-link elementor-size-sm\" href=\"https:\/\/dubreuilville.ca\/fr\/notre-communite\/collecte-des-ordures-et-recyclage\/programme-de-recyclage\/?open-ea11y-assistant=1&#038;open-ea11y-assistant-src=WP\">\n\t\t\t\t\t\t<span class=\"elementor-button-content-wrapper\">\n\t\t\t\t\t\t<span class=\"elementor-button-icon\">\n\t\t\t\t<i aria-hidden=\"true\" class=\"fas fa-arrow-right\"><\/i>\t\t\t<\/span>\n\t\t\t\t\t\t\t\t<\/span>\n\t\t\t\t\t<\/a>\n\t\t\t\t\t\t\t\t<\/div>\n\t\t\t\t<\/div>\n\t\t<div class=\"elementor-element elementor-element-477e402 e-con-full e-flex e-con e-child\" data-id=\"477e402\" data-element_type=\"container\" data-e-type=\"container\">\n\t\t\t\t<div class=\"elementor-element elementor-element-c2037f9 elementor-widget elementor-widget-heading\" data-id=\"c2037f9\" data-element_type=\"widget\" data-e-type=\"widget\" data-widget_type=\"heading.default\">\n\t\t\t\t\t<h4 class=\"elementor-heading-title elementor-size-default\"><a href=\"https:\/\/dubreuilville.ca\/fr\/notre-communite\/collecte-des-ordures-et-recyclage\/depotoir\/?open-ea11y-assistant=1&#038;open-ea11y-assistant-src=WP\">Site d\u2019enfouissement EN<\/a><\/h4>\t\t\t\t<\/div>\n\t\t\t\t<div data-dce-background-color=\"#FFFFFF\" class=\"elementor-element elementor-element-0741231 elementor-align-left elementor-widget elementor-widget-button\" data-id=\"0741231\" data-element_type=\"widget\" data-e-type=\"widget\" data-widget_type=\"button.default\">\n\t\t\t\t\t\t\t\t\t\t<a class=\"elementor-button elementor-button-link elementor-size-sm\" href=\"https:\/\/dubreuilville.ca\/fr\/notre-communite\/collecte-des-ordures-et-recyclage\/depotoir\/?open-ea11y-assistant=1&#038;open-ea11y-assistant-src=WP\">\n\t\t\t\t\t\t<span class=\"elementor-button-content-wrapper\">\n\t\t\t\t\t\t<span class=\"elementor-button-icon\">\n\t\t\t\t<i aria-hidden=\"true\" class=\"fas fa-arrow-right\"><\/i>\t\t\t<\/span>\n\t\t\t\t\t\t\t\t<\/span>\n\t\t\t\t\t<\/a>\n\t\t\t\t\t\t\t\t<\/div>\n\t\t\t\t<\/div>\n\t\t\t\t\t<\/div>\n\t\t\t\t<\/div>\n\t\t\t\t<\/div>\n\t\t","protected":false},"excerpt":{"rendered":"<p>R\u00e8glement sur la collecte des d\u00e9chets r\u00e9sidentiels EN R\u00e8glement sur la collecte des d\u00e9chets commerciaux et industriels EN Programme de recyclage de Dubreuilville Site d\u2019enfouissement EN<\/p>\n","protected":false},"author":1,"featured_media":6288,"parent":1562,"menu_order":0,"comment_status":"closed","ping_status":"closed","template":"","meta":{"_acf_changed":false,"footnotes":""},"class_list":["post-1588","page","type-page","status-publish","has-post-thumbnail","hentry"],"acf":[],"_links":{"self":[{"href":"https:\/\/dubreuilville.ca\/fr\/wp-json\/wp\/v2\/pages\/1588","targetHints":{"allow":["GET"]}}],"collection":[{"href":"https:\/\/dubreuilville.ca\/fr\/wp-json\/wp\/v2\/pages"}],"about":[{"href":"https:\/\/dubreuilville.ca\/fr\/wp-json\/wp\/v2\/types\/page"}],"author":[{"embeddable":true,"href":"https:\/\/dubreuilville.ca\/fr\/wp-json\/wp\/v2\/users\/1"}],"replies":[{"embeddable":true,"href":"https:\/\/dubreuilville.ca\/fr\/wp-json\/wp\/v2\/comments?post=1588"}],"version-history":[{"count":0,"href":"https:\/\/dubreuilville.ca\/fr\/wp-json\/wp\/v2\/pages\/1588\/revisions"}],"up":[{"embeddable":true,"href":"https:\/\/dubreuilville.ca\/fr\/wp-json\/wp\/v2\/pages\/1562"}],"wp:featuredmedia":[{"embeddable":true,"href":"https:\/\/dubreuilville.ca\/fr\/wp-json\/wp\/v2\/media\/6288"}],"wp:attachment":[{"href":"https:\/\/dubreuilville.ca\/fr\/wp-json\/wp\/v2\/media?parent=1588"}],"curies":[{"name":"wp","href":"https:\/\/api.w.org\/{rel}","templated":true}]}}

<div data-elementor-type="wp-page" data-elementor-id="1588" class="elementor elementor-1588 elementor-69" data-elementor-post-type="page">
				<div class="elementor-element elementor-element-ffe4e07 animated-slow e-flex e-con-boxed elementor-invisible e-con e-parent" data-id="ffe4e07" data-element_type="container" data-e-type="container" data-settings="{&quot;animation&quot;:&quot;fadeIn&quot;,&quot;animation_delay&quot;:250}">
					<div class="e-con-inner">
		<div class="elementor-element elementor-element-cb055ca e-con-full e-flex e-con e-child" data-id="cb055ca" data-element_type="container" data-e-type="container">
				<div class="elementor-element elementor-element-81f5816 elementor-widget elementor-widget-heading" data-id="81f5816" data-element_type="widget" data-e-type="widget" data-widget_type="heading.default">
					<h4 class="elementor-heading-title elementor-size-default"><a href="https://dubreuilville.ca/fr/notre-communite/collecte-des-ordures-et-recyclage/reglement-sur-la-collecte-des-dechets-residentiels/?open-ea11y-assistant=1&#038;open-ea11y-assistant-src=WP">Règlement sur la collecte des déchets résidentiels EN</a></h4>				</div>
				<div data-dce-background-color="#FFFFFF" class="elementor-element elementor-element-f52d457 elementor-align-left elementor-widget elementor-widget-button" data-id="f52d457" data-element_type="widget" data-e-type="widget" data-widget_type="button.default">
										<a class="elementor-button elementor-button-link elementor-size-sm" href="https://dubreuilville.ca/fr/notre-communite/collecte-des-ordures-et-recyclage/reglement-sur-la-collecte-des-dechets-residentiels/?open-ea11y-assistant=1&#038;open-ea11y-assistant-src=WP">
						<span class="elementor-button-content-wrapper">
						<span class="elementor-button-icon">
				<i aria-hidden="true" class="fas fa-arrow-right"></i>			</span>
								</span>
					</a>
								</div>
				</div>
		<div class="elementor-element elementor-element-9a33afc e-con-full e-flex e-con e-child" data-id="9a33afc" data-element_type="container" data-e-type="container">
				<div class="elementor-element elementor-element-fbd746d elementor-widget elementor-widget-heading" data-id="fbd746d" data-element_type="widget" data-e-type="widget" data-widget_type="heading.default">
					<h4 class="elementor-heading-title elementor-size-default"><a href="https://dubreuilville.ca/fr/notre-communite/collecte-des-ordures-et-recyclage/reglement-sur-les-dechets-commerciaux-et-industriels/?open-ea11y-assistant=1&#038;open-ea11y-assistant-src=WP">Règlement sur la collecte des déchets commerciaux et industriels EN</a></h4>				</div>
				<div data-dce-background-color="#FFFFFF" class="elementor-element elementor-element-c4cbe92 elementor-align-left elementor-widget elementor-widget-button" data-id="c4cbe92" data-element_type="widget" data-e-type="widget" data-widget_type="button.default">
										<a class="elementor-button elementor-button-link elementor-size-sm" href="https://dubreuilville.ca/fr/notre-communite/collecte-des-ordures-et-recyclage/reglement-sur-les-dechets-commerciaux-et-industriels/?open-ea11y-assistant=1&#038;open-ea11y-assistant-src=WP">
						<span class="elementor-button-content-wrapper">
						<span class="elementor-button-icon">
				<i aria-hidden="true" class="fas fa-arrow-right"></i>			</span>
								</span>
					</a>
								</div>
				</div>
		<div class="elementor-element elementor-element-6bd5794 e-con-full e-flex e-con e-child" data-id="6bd5794" data-element_type="container" data-e-type="container">
				<div class="elementor-element elementor-element-cfc2836 elementor-widget__width-initial elementor-widget elementor-widget-heading" data-id="cfc2836" data-element_type="widget" data-e-type="widget" data-widget_type="heading.default">
					<h4 class="elementor-heading-title elementor-size-default"><a href="https://dubreuilville.ca/fr/notre-communite/collecte-des-ordures-et-recyclage/programme-de-recyclage/?open-ea11y-assistant=1&#038;open-ea11y-assistant-src=WP">Programme de recyclage de Dubreuilville</a></h4>				</div>
				<div data-dce-background-color="#FFFFFF" class="elementor-element elementor-element-34031ea elementor-align-left elementor-widget elementor-widget-button" data-id="34031ea" data-element_type="widget" data-e-type="widget" data-widget_type="button.default">
										<a class="elementor-button elementor-button-link elementor-size-sm" href="https://dubreuilville.ca/fr/notre-communite/collecte-des-ordures-et-recyclage/programme-de-recyclage/?open-ea11y-assistant=1&#038;open-ea11y-assistant-src=WP">
						<span class="elementor-button-content-wrapper">
						<span class="elementor-button-icon">
				<i aria-hidden="true" class="fas fa-arrow-right"></i>			</span>
								</span>
					</a>
								</div>
				</div>
		<div class="elementor-element elementor-element-477e402 e-con-full e-flex e-con e-child" data-id="477e402" data-element_type="container" data-e-type="container">
				<div class="elementor-element elementor-element-c2037f9 elementor-widget elementor-widget-heading" data-id="c2037f9" data-element_type="widget" data-e-type="widget" data-widget_type="heading.default">
					<h4 class="elementor-heading-title elementor-size-default"><a href="https://dubreuilville.ca/fr/notre-communite/collecte-des-ordures-et-recyclage/depotoir/?open-ea11y-assistant=1&#038;open-ea11y-assistant-src=WP">Site d’enfouissement EN</a></h4>				</div>
				<div data-dce-background-color="#FFFFFF" class="elementor-element elementor-element-0741231 elementor-align-left elementor-widget elementor-widget-button" data-id="0741231" data-element_type="widget" data-e-type="widget" data-widget_type="button.default">
										<a class="elementor-button elementor-button-link elementor-size-sm" href="https://dubreuilville.ca/fr/notre-communite/collecte-des-ordures-et-recyclage/depotoir/?open-ea11y-assistant=1&#038;open-ea11y-assistant-src=WP">
						<span class="elementor-button-content-wrapper">
						<span class="elementor-button-icon">
				<i aria-hidden="true" class="fas fa-arrow-right"></i>			</span>
								</span>
					</a>
								</div>
				</div>
					</div>
				</div>
				</div>

<p>Règlement sur la collecte des déchets résidentiels EN Règlement sur la collecte des déchets commerciaux et industriels EN Programme de recyclage de Dubreuilville Site d’enfouissement EN</p>
